{"id":282,"date":"2015-08-20T09:53:33","date_gmt":"2015-08-20T07:53:33","guid":{"rendered":"http:\/\/ute-wucherpfennig.de\/?page_id=282"},"modified":"2017-01-12T17:50:34","modified_gmt":"2017-01-12T16:50:34","slug":"medizinrecht-2","status":"publish","type":"page","link":"https:\/\/ute-wucherpfennig.de\/index.php\/medizinrecht\/medizinrecht-2\/","title":{"rendered":"Arztstrafrecht"},"content":{"rendered":"\n<style type=\"text\/css\" data-created_by=\"avia_inline_auto\" id=\"style-css-av-av_image-fbe491305c1998ec0704b2dcba8d5c15\">\n.avia-image-container.av-av_image-fbe491305c1998ec0704b2dcba8d5c15 img.avia_image{\nbox-shadow:none;\n}\n.avia-image-container.av-av_image-fbe491305c1998ec0704b2dcba8d5c15 .av-image-caption-overlay-center{\ncolor:#ffffff;\n}\n<\/style>\n<div  class='avia-image-container av-av_image-fbe491305c1998ec0704b2dcba8d5c15 av-styling- avia-align-  avia-builder-el-0  el_before_av_one_full  avia-builder-el-first '   itemprop=\"image\" itemscope=\"itemscope\" itemtype=\"https:\/\/schema.org\/ImageObject\" ><div class=\"avia-image-container-inner\"><div class=\"avia-image-overlay-wrap\"><img class='wp-image-791 avia-img-lazy-loading-not-791 avia_image ' src=\"https:\/\/ute-wucherpfennig.de\/wp-content\/uploads\/2015\/08\/Medizinrecht_quer.jpg\" alt='' title='Medizinrecht'  height=\"324\" width=\"1213\"  itemprop=\"thumbnailUrl\" srcset=\"https:\/\/ute-wucherpfennig.de\/wp-content\/uploads\/2015\/08\/Medizinrecht_quer.jpg 1213w, https:\/\/ute-wucherpfennig.de\/wp-content\/uploads\/2015\/08\/Medizinrecht_quer-300x80.jpg 300w, https:\/\/ute-wucherpfennig.de\/wp-content\/uploads\/2015\/08\/Medizinrecht_quer-1030x275.jpg 1030w, https:\/\/ute-wucherpfennig.de\/wp-content\/uploads\/2015\/08\/Medizinrecht_quer-705x188.jpg 705w, https:\/\/ute-wucherpfennig.de\/wp-content\/uploads\/2015\/08\/Medizinrecht_quer-1210x324.jpg 1210w, https:\/\/ute-wucherpfennig.de\/wp-content\/uploads\/2015\/08\/Medizinrecht_quer-450x120.jpg 450w\" sizes=\"(max-width: 1213px) 100vw, 1213px\" \/><\/div><\/div><\/div>\n<div class='flex_column av-av_one_full-2a9015ff38129c418a3f2eafba3e9512 av_one_full  avia-builder-el-1  el_after_av_image  el_before_av_one_fourth  first flex_column_div '     ><\/div>\n<div class='flex_column av-av_one_fourth-2a9015ff38129c418a3f2eafba3e9512 av_one_fourth  avia-builder-el-2  el_after_av_one_full  el_before_av_one_half  first flex_column_div column-top-margin'     ><\/div>\n<div class='flex_column av-av_one_half-f78fb3c186c5ceb3cf0bf54353219056 av_one_half  avia-builder-el-3  el_after_av_one_fourth  el_before_av_one_fourth  flex_column_div column-top-margin'     ><section  class='av_textblock_section av-av_textblock-efbc923ad9fb8bf1ad09094e5a831d1a'  itemscope=\"itemscope\" itemtype=\"https:\/\/schema.org\/CreativeWork\" ><div class='avia_textblock'  itemprop=\"text\" ><h3 style=\"text-align: justify;\"><img loading=\"lazy\" class=\"alignnone size-full wp-image-369\" src=\"https:\/\/ute-wucherpfennig.de\/wp-content\/uploads\/2015\/08\/Wucherpfennig_Medizinrecht_Ikon.png\" alt=\"Wucherpfennig_Medizinrecht_Ikon\" width=\"130\" height=\"130\" srcset=\"https:\/\/ute-wucherpfennig.de\/wp-content\/uploads\/2015\/08\/Wucherpfennig_Medizinrecht_Ikon.png 130w, https:\/\/ute-wucherpfennig.de\/wp-content\/uploads\/2015\/08\/Wucherpfennig_Medizinrecht_Ikon-80x80.png 80w, https:\/\/ute-wucherpfennig.de\/wp-content\/uploads\/2015\/08\/Wucherpfennig_Medizinrecht_Ikon-36x36.png 36w, https:\/\/ute-wucherpfennig.de\/wp-content\/uploads\/2015\/08\/Wucherpfennig_Medizinrecht_Ikon-120x120.png 120w\" sizes=\"(max-width: 130px) 100vw, 130px\" \/><\/h3>\n<h3 style=\"text-align: justify;\">Arztstrafrecht<\/h3>\n<p style=\"text-align: justify;\">Vielfach werden arzthaftungsrechtliche Schadensersatzverfahren begleitet durch Strafverfahren mit dem Tatvorwurf der fahrl\u00e4ssigen K\u00f6rperverletzung oder T\u00f6tung. Eine Abstimmung der strafrechtlichen und zivilrechtlichen Vorgehensweise in den jeweiligen Verfahren ist zwingend geboten. Grundlegend f\u00fcr die Entscheidung in jedem Verfahren sind die Feststellungen des Sachverst\u00e4ndigen. Bereits dem fr\u00fchen Verfahrensstadium der Bestimmung des Sachverst\u00e4ndigen und Formulierung der Fragestellung an den Sachverst\u00e4ndigen ist daher ganz entscheidende Bedeutung beizumessen. Soweit erforderlich, sind eigene Gutachten einzuholen. Dies wird h\u00e4ufig im Strafverfahren verkannt und ist sicherlich eine Besonderheit des Arztstrafrechtes.<\/p>\n<p style=\"text-align: justify;\">Neben diesem Verfahren treten vermehrt Verfahren, die im Zusammenhang mit der Neuregelung der Korruptionssachverhalte im Gesundheitswesen und der Komplexit\u00e4t der Abrechnungsverfahren stehen, auf. Es handelt sich hier um Ermittlungsverfahren wegen Falschabrechnung oder Korruption, Abrechnungsbetrug oder Untreue. Vielfach werden\u00a0hier Verfahren auch unter Zuhilfenahme steuerlicher Ermittlungsoptionen betrieben. Daher sind steuerliche Sachverhalte ebenfalls zu ber\u00fccksichtigen.<br \/>\n<a href=\"https:\/\/ute-wucherpfennig.de\/index.php\/steuerrecht-3\/steuerstrafrecht\/\">(Siehe auch\u00a0Steuerstrafrecht)<\/a><\/p>\n<p style=\"text-align: justify;\">Ziel der Bem\u00fchungen von Rechtsanw\u00e4ltin Ute-Brigitta Wucherpfennig ist immer, eine Verfahrensbeendigung ohne medienwirksame Hauptverhandlung \u2013 die f\u00fcr beide Seiten belastend ist\u00a0\u2013 herbeizuf\u00fchren und erhebliche pers\u00f6nliche und berufliche Konsequenzen f\u00fcr den Betroffenen zu vermeiden. Fr\u00fchzeitig sind, je nach Tatvorwurf, auch die berufsrechtlichen Auswirkungen f\u00fcr den Betroffenen, aber auch f\u00fcr seinen m\u00f6glichen Praxispartner, zu ber\u00fccksichtigen.<\/p>\n<p style=\"text-align: justify;\">Gelingt eine solche fr\u00fchzeitige Verfahrensbeendigung nicht, ist das Strafverfahren gut vorbereitet mit aller Konsequenz durchzuf\u00fchren.<\/p>\n<\/div><\/section><\/div>\n<div class='flex_column av-av_one_fourth-f78fb3c186c5ceb3cf0bf54353219056 av_one_fourth  avia-builder-el-5  el_after_av_one_half  avia-builder-el-last  flex_column_div column-top-margin'     ><section  class='av_textblock_section av-av_textblock-0366cc7376be6c9e82a3e9cc8987b64f'  itemscope=\"itemscope\" itemtype=\"https:\/\/schema.org\/CreativeWork\" ><div class='avia_textblock'  itemprop=\"text\" ><ul>\n<li><a href=\"https:\/\/ute-wucherpfennig.de\/index.php\/medizinrecht\/vertragsrecht-der-heilberufe\/\">Gesellschaftsrecht der Heilberufe Vertragsrecht der Heilberufe<\/a><\/li>\n<\/ul>\n<ul>\n<li><a href=\"https:\/\/ute-wucherpfennig.de\/index.php\/medizinrecht\/zahn-arzthaftungsrecht\/\">(Zahn-) Arzthaftungsrecht<\/a><\/li>\n<\/ul>\n<ul>\n<li><a href=\"https:\/\/ute-wucherpfennig.de\/index.php\/medizinrecht\/medizinrecht-2\/\">Arztstrafrecht<\/a><\/li>\n<\/ul>\n<\/div><\/section><\/div>\n","protected":false},"excerpt":{"rendered":"","protected":false},"author":5,"featured_media":0,"parent":152,"menu_order":3,"comment_status":"open","ping_status":"open","template":"","meta":[],"_links":{"self":[{"href":"https:\/\/ute-wucherpfennig.de\/index.php\/wp-json\/wp\/v2\/pages\/282"}],"collection":[{"href":"https:\/\/ute-wucherpfennig.de\/index.php\/wp-json\/wp\/v2\/pages"}],"about":[{"href":"https:\/\/ute-wucherpfennig.de\/index.php\/wp-json\/wp\/v2\/types\/page"}],"author":[{"embeddable":true,"href":"https:\/\/ute-wucherpfennig.de\/index.php\/wp-json\/wp\/v2\/users\/5"}],"replies":[{"embeddable":true,"href":"https:\/\/ute-wucherpfennig.de\/index.php\/wp-json\/wp\/v2\/comments?post=282"}],"version-history":[{"count":0,"href":"https:\/\/ute-wucherpfennig.de\/index.php\/wp-json\/wp\/v2\/pages\/282\/revisions"}],"up":[{"embeddable":true,"href":"https:\/\/ute-wucherpfennig.de\/index.php\/wp-json\/wp\/v2\/pages\/152"}],"wp:attachment":[{"href":"https:\/\/ute-wucherpfennig.de\/index.php\/wp-json\/wp\/v2\/media?parent=282"}],"curies":[{"name":"wp","href":"https:\/\/api.w.org\/{rel}","templated":true}]}}