{"id":268,"date":"2015-08-20T09:26:27","date_gmt":"2015-08-20T07:26:27","guid":{"rendered":"http:\/\/ute-wucherpfennig.de\/?page_id=268"},"modified":"2017-01-12T17:50:20","modified_gmt":"2017-01-12T16:50:20","slug":"berufsrecht-steuerberater","status":"publish","type":"page","link":"https:\/\/ute-wucherpfennig.de\/index.php\/steuerrecht-3\/berufsrecht-steuerberater\/","title":{"rendered":"Berufsrecht Steuerberater"},"content":{"rendered":"\n<style type=\"text\/css\" data-created_by=\"avia_inline_auto\" id=\"style-css-av-av_image-2f09c7cac01599bf894b01b87e67ce0e\">\n.avia-image-container.av-av_image-2f09c7cac01599bf894b01b87e67ce0e img.avia_image{\nbox-shadow:none;\n}\n.avia-image-container.av-av_image-2f09c7cac01599bf894b01b87e67ce0e .av-image-caption-overlay-center{\ncolor:#ffffff;\n}\n<\/style>\n<div  class='avia-image-container av-av_image-2f09c7cac01599bf894b01b87e67ce0e av-styling- avia-align-  avia-builder-el-0  el_before_av_one_full  avia-builder-el-first '   itemprop=\"image\" itemscope=\"itemscope\" itemtype=\"https:\/\/schema.org\/ImageObject\" ><div class=\"avia-image-container-inner\"><div class=\"avia-image-overlay-wrap\"><img class='wp-image-868 avia-img-lazy-loading-not-868 avia_image ' src=\"https:\/\/ute-wucherpfennig.de\/wp-content\/uploads\/2015\/08\/Steuerrecht_quer2_2.jpg\" alt='' title='Steuerrecht_quer2_2'  height=\"324\" width=\"1213\"  itemprop=\"thumbnailUrl\" srcset=\"https:\/\/ute-wucherpfennig.de\/wp-content\/uploads\/2015\/08\/Steuerrecht_quer2_2.jpg 1213w, https:\/\/ute-wucherpfennig.de\/wp-content\/uploads\/2015\/08\/Steuerrecht_quer2_2-300x80.jpg 300w, https:\/\/ute-wucherpfennig.de\/wp-content\/uploads\/2015\/08\/Steuerrecht_quer2_2-1030x275.jpg 1030w, https:\/\/ute-wucherpfennig.de\/wp-content\/uploads\/2015\/08\/Steuerrecht_quer2_2-705x188.jpg 705w, https:\/\/ute-wucherpfennig.de\/wp-content\/uploads\/2015\/08\/Steuerrecht_quer2_2-1210x324.jpg 1210w, https:\/\/ute-wucherpfennig.de\/wp-content\/uploads\/2015\/08\/Steuerrecht_quer2_2-450x120.jpg 450w\" sizes=\"(max-width: 1213px) 100vw, 1213px\" \/><\/div><\/div><\/div>\n<div class='flex_column av-av_one_full-2a9015ff38129c418a3f2eafba3e9512 av_one_full  avia-builder-el-1  el_after_av_image  el_before_av_one_fourth  first flex_column_div '     ><\/div>\n<div class='flex_column av-av_one_fourth-2a9015ff38129c418a3f2eafba3e9512 av_one_fourth  avia-builder-el-2  el_after_av_one_full  el_before_av_one_half  first flex_column_div column-top-margin'     ><\/div>\n<div class='flex_column av-av_one_half-f78fb3c186c5ceb3cf0bf54353219056 av_one_half  avia-builder-el-3  el_after_av_one_fourth  el_before_av_one_fourth  flex_column_div column-top-margin'     ><section  class='av_textblock_section av-av_textblock-0366cc7376be6c9e82a3e9cc8987b64f'  itemscope=\"itemscope\" itemtype=\"https:\/\/schema.org\/CreativeWork\" ><div class='avia_textblock'  itemprop=\"text\" ><h3><img loading=\"lazy\" class=\"alignnone size-full wp-image-367\" src=\"https:\/\/ute-wucherpfennig.de\/wp-content\/uploads\/2015\/08\/Wucherpfennig_Steuerrecht_Ikon.png\" alt=\"Wucherpfennig_Steuerrecht_Ikon\" width=\"130\" height=\"130\" srcset=\"https:\/\/ute-wucherpfennig.de\/wp-content\/uploads\/2015\/08\/Wucherpfennig_Steuerrecht_Ikon.png 130w, https:\/\/ute-wucherpfennig.de\/wp-content\/uploads\/2015\/08\/Wucherpfennig_Steuerrecht_Ikon-80x80.png 80w, https:\/\/ute-wucherpfennig.de\/wp-content\/uploads\/2015\/08\/Wucherpfennig_Steuerrecht_Ikon-36x36.png 36w, https:\/\/ute-wucherpfennig.de\/wp-content\/uploads\/2015\/08\/Wucherpfennig_Steuerrecht_Ikon-120x120.png 120w\" sizes=\"(max-width: 130px) 100vw, 130px\" \/><\/h3>\n<h3><strong>Berufsrecht der Steuerberater<\/strong><\/h3>\n<h4><strong>Steuerberaterhaftung und\u00a0<\/strong><strong>Geb\u00fchrenrecht<\/strong><\/h4>\n<p style=\"text-align: justify;\">Die Haftungsrisiken des Steuerberaters beruhen l\u00e4ngst nicht mehr nur auf Fehlern in der steuerlichen Sachbearbeitung, d.h. gegen\u00fcber dem (ehemaligen) Mandanten.<\/p>\n<p style=\"text-align: justify;\">Erhebliche Risiken\u00a0(finanzielle und auch strafrechtliche)\u00a0drohen dem Steuerberater, nachdem er \u2013 oder seine Haftpflichtversicherung \u2013 in den Fokus des Insolvenzverwalters seines (ehemaligen) Mandanten ger\u00fcckt ist. Die langj\u00e4hrige Berufserfahrung von Rechtsanw\u00e4ltin Ute-Brigitta Wucherpfennig in einer interdisziplin\u00e4ren Soziet\u00e4t mit insolvenzverwaltenden und\u00a0steuerberatenden Kollegen hilft, hier schnell Gefahren aufzudecken und zu vermeiden.<\/p>\n<p style=\"text-align: justify;\">Die Abwehr hieraus drohender Inanspruchnahmen, jeweils in enger Abstimmung mit der hinter dem Steuerberater stehenden Versicherung, ist daher erforderlich.<\/p>\n<p style=\"text-align: justify;\">Auch die Finanz\u00e4mter gehen verst\u00e4rkt dazu \u00fcber, den Steuerberater auf Grundlage des \u00a7 71 Abgabenordnung f\u00fcr Steuerschulden seiner (ehemaligen) Mandanten in Haftung zu nehmen,\u00a0auch hier bedarf er der anwaltlichen Unterst\u00fctzung, um unliebsame \u00dcberraschungen zu vermeiden.<\/p>\n<p style=\"text-align: justify;\">Nahezu der \u201eKlassiker\u201c der Beratungspraxis sind die geb\u00fchrenrechtlichen Streitigkeiten, meist im Zusammenhang mit der Frage des Bestehens von Zur\u00fcckbehaltungsrechten. Hier kann in der Regel schnell durch anwaltliche Hilfe Handlungssicherheit geschaffen werden.<\/p>\n<\/div><\/section><\/div>\n<div class='flex_column av-av_one_fourth-f78fb3c186c5ceb3cf0bf54353219056 av_one_fourth  avia-builder-el-5  el_after_av_one_half  avia-builder-el-last  flex_column_div column-top-margin'     ><section  class='av_textblock_section av-av_textblock-0366cc7376be6c9e82a3e9cc8987b64f'  itemscope=\"itemscope\" itemtype=\"https:\/\/schema.org\/CreativeWork\" ><div class='avia_textblock'  itemprop=\"text\" ><ul>\n<li><a href=\"https:\/\/ute-wucherpfennig.de\/index.php\/steuerrecht-3\/steuerrecht\/\">Steuerrecht<\/a><\/li>\n<\/ul>\n<ul>\n<li><a href=\"https:\/\/ute-wucherpfennig.de\/index.php\/steuerrecht-3\/steuerstrafrecht\/\">Steuerstrafrecht<\/a><\/li>\n<\/ul>\n<ul>\n<li><a href=\"https:\/\/ute-wucherpfennig.de\/index.php\/steuerrecht-3\/berufsrecht-steuerberater\/\">Berufsrechts der Steuerberater<\/a><\/li>\n<\/ul>\n<\/div><\/section><\/div>\n","protected":false},"excerpt":{"rendered":"","protected":false},"author":5,"featured_media":0,"parent":266,"menu_order":3,"comment_status":"open","ping_status":"open","template":"","meta":[],"_links":{"self":[{"href":"https:\/\/ute-wucherpfennig.de\/index.php\/wp-json\/wp\/v2\/pages\/268"}],"collection":[{"href":"https:\/\/ute-wucherpfennig.de\/index.php\/wp-json\/wp\/v2\/pages"}],"about":[{"href":"https:\/\/ute-wucherpfennig.de\/index.php\/wp-json\/wp\/v2\/types\/page"}],"author":[{"embeddable":true,"href":"https:\/\/ute-wucherpfennig.de\/index.php\/wp-json\/wp\/v2\/users\/5"}],"replies":[{"embeddable":true,"href":"https:\/\/ute-wucherpfennig.de\/index.php\/wp-json\/wp\/v2\/comments?post=268"}],"version-history":[{"count":0,"href":"https:\/\/ute-wucherpfennig.de\/index.php\/wp-json\/wp\/v2\/pages\/268\/revisions"}],"up":[{"embeddable":true,"href":"https:\/\/ute-wucherpfennig.de\/index.php\/wp-json\/wp\/v2\/pages\/266"}],"wp:attachment":[{"href":"https:\/\/ute-wucherpfennig.de\/index.php\/wp-json\/wp\/v2\/media?parent=268"}],"curies":[{"name":"wp","href":"https:\/\/api.w.org\/{rel}","templated":true}]}}