{"id":144,"date":"2015-08-14T12:38:55","date_gmt":"2015-08-14T10:38:55","guid":{"rendered":"http:\/\/ute-wucherpfennig.de\/?page_id=144"},"modified":"2017-01-12T17:50:20","modified_gmt":"2017-01-12T16:50:20","slug":"steuerrecht-2","status":"publish","type":"page","link":"https:\/\/ute-wucherpfennig.de\/index.php\/gesellschaftsrecht\/steuerrecht-2\/","title":{"rendered":"Gesellschaftsrecht der Personen- und Kapitalgesellschaften"},"content":{"rendered":"\n<style type=\"text\/css\" data-created_by=\"avia_inline_auto\" id=\"style-css-av-av_image-4cab547d373d150bafe78b5b932e97ca\">\n.avia-image-container.av-av_image-4cab547d373d150bafe78b5b932e97ca img.avia_image{\nbox-shadow:none;\n}\n.avia-image-container.av-av_image-4cab547d373d150bafe78b5b932e97ca .av-image-caption-overlay-center{\ncolor:#ffffff;\n}\n<\/style>\n<div  class='avia-image-container av-av_image-4cab547d373d150bafe78b5b932e97ca av-styling- avia-align-  avia-builder-el-0  el_before_av_one_full  avia-builder-el-first '   itemprop=\"image\" itemscope=\"itemscope\" itemtype=\"https:\/\/schema.org\/ImageObject\" ><div class=\"avia-image-container-inner\"><div class=\"avia-image-overlay-wrap\"><img class='wp-image-719 avia-img-lazy-loading-not-719 avia_image ' src=\"https:\/\/ute-wucherpfennig.de\/wp-content\/uploads\/2015\/08\/Gesellschaftsrecht_quer5.jpg\" alt='' title='Ute Wucherpfennig Gesellschaftsrecht'  height=\"324\" width=\"1213\"  itemprop=\"thumbnailUrl\" srcset=\"https:\/\/ute-wucherpfennig.de\/wp-content\/uploads\/2015\/08\/Gesellschaftsrecht_quer5.jpg 1213w, https:\/\/ute-wucherpfennig.de\/wp-content\/uploads\/2015\/08\/Gesellschaftsrecht_quer5-300x80.jpg 300w, https:\/\/ute-wucherpfennig.de\/wp-content\/uploads\/2015\/08\/Gesellschaftsrecht_quer5-1030x275.jpg 1030w, https:\/\/ute-wucherpfennig.de\/wp-content\/uploads\/2015\/08\/Gesellschaftsrecht_quer5-705x188.jpg 705w, https:\/\/ute-wucherpfennig.de\/wp-content\/uploads\/2015\/08\/Gesellschaftsrecht_quer5-1210x324.jpg 1210w, https:\/\/ute-wucherpfennig.de\/wp-content\/uploads\/2015\/08\/Gesellschaftsrecht_quer5-450x120.jpg 450w\" sizes=\"(max-width: 1213px) 100vw, 1213px\" \/><\/div><\/div><\/div>\n<div class='flex_column av-av_one_full-2a9015ff38129c418a3f2eafba3e9512 av_one_full  avia-builder-el-1  el_after_av_image  el_before_av_one_fourth  first flex_column_div '     ><\/div>\n<div class='flex_column av-av_one_fourth-2a9015ff38129c418a3f2eafba3e9512 av_one_fourth  avia-builder-el-2  el_after_av_one_full  el_before_av_one_half  first flex_column_div column-top-margin'     ><\/div>\n\n<style type=\"text\/css\" data-created_by=\"avia_inline_auto\" id=\"style-css-av-av_one_half-2a64de42b738552fe666ca889af77e28\">\n.flex_column.av-av_one_half-2a64de42b738552fe666ca889af77e28{\n-webkit-border-radius:0px 0px 0px 0px;\n-moz-border-radius:0px 0px 0px 0px;\nborder-radius:0px 0px 0px 0px;\npadding:0px 0px 0px 0px;\n}\n<\/style>\n<div class='flex_column av-av_one_half-2a64de42b738552fe666ca889af77e28 av_one_half  avia-builder-el-3  el_after_av_one_fourth  el_before_av_one_fourth  flex_column_div av-zero-column-padding column-top-margin'     ><section  class='av_textblock_section av-av_textblock-0366cc7376be6c9e82a3e9cc8987b64f'  itemscope=\"itemscope\" itemtype=\"https:\/\/schema.org\/CreativeWork\" ><div class='avia_textblock'  itemprop=\"text\" ><h4 style=\"text-align: justify;\"><img loading=\"lazy\" class=\" size-full wp-image-353 alignnone\" src=\"https:\/\/ute-wucherpfennig.de\/wp-content\/uploads\/2015\/08\/Wucherpfennig_Gesellschaftsrecht_Ikon.png\" alt=\"Wucherpfennig_Gesellschaftsrecht_Ikon\" width=\"130\" height=\"130\" srcset=\"https:\/\/ute-wucherpfennig.de\/wp-content\/uploads\/2015\/08\/Wucherpfennig_Gesellschaftsrecht_Ikon.png 130w, https:\/\/ute-wucherpfennig.de\/wp-content\/uploads\/2015\/08\/Wucherpfennig_Gesellschaftsrecht_Ikon-80x80.png 80w, https:\/\/ute-wucherpfennig.de\/wp-content\/uploads\/2015\/08\/Wucherpfennig_Gesellschaftsrecht_Ikon-36x36.png 36w, https:\/\/ute-wucherpfennig.de\/wp-content\/uploads\/2015\/08\/Wucherpfennig_Gesellschaftsrecht_Ikon-120x120.png 120w\" sizes=\"(max-width: 130px) 100vw, 130px\" \/><\/h4>\n<h4 style=\"text-align: justify;\">Gesellschaftsrecht\u00a0der Personen- und Kapitalgesellschaften<\/h4>\n<p style=\"text-align: justify;\">Die gesellschaftsrechtliche T\u00e4tigkeit von Rechtsanw\u00e4ltin Ute-Brigitta Wucherpfennig umfasst die Beratung bei Unternehmensgr\u00fcndung, die steuer- und haftungsrechtlich begr\u00fcndete Restrukturierung des Unternehmens ebenso wie die\u00a0Optimierung der Unternehmensstruktur im Hinblick auf eine angestrebte Nachfolgeregelung.<\/p>\n<p style=\"text-align: justify;\">Der Gesellschafterstreit, der \u2013 einvernehmliche \u2013 Gesellschafterwechsel und das streitige Ausscheiden von Gesellschaftern sowohl in Personen- wie\u00a0auch in Kapitalgesellschaften geh\u00f6ren zu den regelm\u00e4\u00dfigen anwaltlichen Aufgaben von Rechtsanw\u00e4ltin Ute-Brigitta Wucherpfennig. Sie erfordern neben fundierten Rechtskenntnissen ein hohes Ma\u00df an Erfahrung in Verbindung mit der schnellen und sicheren Einsch\u00e4tzung der Situation, der handelnden Beteiligten und der sich daraus ergebenden Reaktionsm\u00f6glichkeiten.<\/p>\n<\/div><\/section><\/div>\n\n<style type=\"text\/css\" data-created_by=\"avia_inline_auto\" id=\"style-css-av-av_one_fourth-2a64de42b738552fe666ca889af77e28\">\n.flex_column.av-av_one_fourth-2a64de42b738552fe666ca889af77e28{\n-webkit-border-radius:0px 0px 0px 0px;\n-moz-border-radius:0px 0px 0px 0px;\nborder-radius:0px 0px 0px 0px;\npadding:0px 0px 0px 0px;\n}\n<\/style>\n<div class='flex_column av-av_one_fourth-2a64de42b738552fe666ca889af77e28 av_one_fourth  avia-builder-el-5  el_after_av_one_half  avia-builder-el-last  flex_column_div av-zero-column-padding column-top-margin'     ><section  class='av_textblock_section av-av_textblock-0366cc7376be6c9e82a3e9cc8987b64f'  itemscope=\"itemscope\" itemtype=\"https:\/\/schema.org\/CreativeWork\" ><div class='avia_textblock'  itemprop=\"text\" ><ul>\n<li><a href=\"https:\/\/ute-wucherpfennig.de\/index.php\/gesellschaftsrecht\/gesellschaftsrecht-der-personen-und-kapitalgesellschaften\/\">Gesellschaftsrecht der Personen- und Kapitalgesellschaften<\/a><\/li>\n<\/ul>\n<ul>\n<li><a href=\"https:\/\/ute-wucherpfennig.de\/index.php\/gesellschaftsrecht\/unternehmensvertragsrecht\/\">Unternehmensvertragsrecht<\/a><\/li>\n<\/ul>\n<\/div><\/section><\/div>\n","protected":false},"excerpt":{"rendered":"","protected":false},"author":5,"featured_media":0,"parent":496,"menu_order":1,"comment_status":"open","ping_status":"open","template":"","meta":[],"_links":{"self":[{"href":"https:\/\/ute-wucherpfennig.de\/index.php\/wp-json\/wp\/v2\/pages\/144"}],"collection":[{"href":"https:\/\/ute-wucherpfennig.de\/index.php\/wp-json\/wp\/v2\/pages"}],"about":[{"href":"https:\/\/ute-wucherpfennig.de\/index.php\/wp-json\/wp\/v2\/types\/page"}],"author":[{"embeddable":true,"href":"https:\/\/ute-wucherpfennig.de\/index.php\/wp-json\/wp\/v2\/users\/5"}],"replies":[{"embeddable":true,"href":"https:\/\/ute-wucherpfennig.de\/index.php\/wp-json\/wp\/v2\/comments?post=144"}],"version-history":[{"count":0,"href":"https:\/\/ute-wucherpfennig.de\/index.php\/wp-json\/wp\/v2\/pages\/144\/revisions"}],"up":[{"embeddable":true,"href":"https:\/\/ute-wucherpfennig.de\/index.php\/wp-json\/wp\/v2\/pages\/496"}],"wp:attachment":[{"href":"https:\/\/ute-wucherpfennig.de\/index.php\/wp-json\/wp\/v2\/media?parent=144"}],"curies":[{"name":"wp","href":"https:\/\/api.w.org\/{rel}","templated":true}]}}